{"id":219,"date":"2016-04-04T12:53:21","date_gmt":"2016-04-04T11:53:21","guid":{"rendered":"http:\/\/www.chabbert-chimie.com\/?page_id=219"},"modified":"2016-12-20T17:41:58","modified_gmt":"2016-12-20T16:41:58","slug":"gamme-p-a-t","status":"publish","type":"page","link":"https:\/\/www.chabbert-chimie.com\/index.php\/produits\/industrie\/gamme-p-a-t\/","title":{"rendered":"PRODUITS AUXILIAIRES TEXTILE"},"content":{"rendered":"<p style=\"text-align: justify;\" align=\"left\"><img loading=\"lazy\" decoding=\"async\" class=\"wp-image-251 alignleft\" src=\"http:\/\/www.chabbert-chimie.com\/wp-content\/uploads\/2016\/04\/tex7-300x236.jpg\" alt=\"tex7\" width=\"171\" height=\"134\" srcset=\"https:\/\/www.chabbert-chimie.com\/wp-content\/uploads\/2016\/04\/tex7-300x236.jpg 300w, https:\/\/www.chabbert-chimie.com\/wp-content\/uploads\/2016\/04\/tex7-600x472.jpg 600w, https:\/\/www.chabbert-chimie.com\/wp-content\/uploads\/2016\/04\/tex7-624x491.jpg 624w, https:\/\/www.chabbert-chimie.com\/wp-content\/uploads\/2016\/04\/tex7.jpg 749w\" sizes=\"auto, (max-width: 171px) 100vw, 171px\" \/>Le tableau ci-dessous vous permet de rechercher les produits par fonction principale. Pour\u00a0chaque r\u00e9f\u00e9rence commerciale vous trouverez une br\u00e8ve description du produit (caract\u00e9ristiques, usages, applications), Vous pouvez \u00e9galement t\u00e9l\u00e9charger au format <strong>PDF<\/strong> la fiche technique et la fiche de donn\u00e9es de s\u00e9curit\u00e9 du produit concern\u00e9.<\/p>\n<p style=\"text-align: justify;\" align=\"left\">Pour toute information compl\u00e9mentaire, n&rsquo;h\u00e9sitez pas \u00e0 nous contacter <a href=\"mailto:info@chabbert-chimie.com?subject=Contact%20tensiotex\" target=\")\">ici<\/a>.<\/p>\n<p style=\"text-align: justify;\" align=\"left\"><strong>MOUILLANTS &#8211; DETERGENTS<\/strong><\/p>\n<p style=\"text-align: justify;\" align=\"left\">[table id=1 \/]<\/p>\n<p style=\"text-align: justify;\" align=\"left\"><strong>DISPERSANTS<\/strong><\/p>\n<p style=\"text-align: justify;\" align=\"left\">[table id=2 \/]<\/p>\n<p style=\"text-align: justify;\" align=\"left\"><strong>ANTICASSURES &#8211; ANTIPLIS<\/strong><\/p>\n<p style=\"text-align: justify;\" align=\"left\">[table id=3 \/]<\/p>\n<p style=\"text-align: justify;\" align=\"left\"><strong>AGENTS D&rsquo;UNISSON &#8211; AUXILIAIRES DE TEINTURE<\/strong><\/p>\n<p style=\"text-align: justify;\" align=\"left\">[table id=4 \/]<\/p>\n<p style=\"text-align: justify;\" align=\"left\"><strong>SEQUESTRANTS<\/strong><\/p>\n<p style=\"text-align: justify;\" align=\"left\">[table id=5 \/]<\/p>\n<p style=\"text-align: justify;\" align=\"left\"><strong>ANTIMOUSSES &#8211; DEMOUSSANTS<\/strong><\/p>\n<p style=\"text-align: justify;\" align=\"left\">[table id=6 \/]<\/p>\n<p style=\"text-align: justify;\" align=\"left\"><strong>ADOUCISSANTS &#8211; SOFTENERS<\/strong><\/p>\n<p style=\"text-align: justify;\" align=\"left\">[table id=7 \/]<\/p>\n<p style=\"text-align: justify;\" align=\"left\"><strong>AGENTS DE FOULAGE &#8211; LAINE &amp; MELANGES<\/strong><\/p>\n<p style=\"text-align: justify;\" align=\"left\">[table id=8 \/]<\/p>\n<p style=\"text-align: justify;\" align=\"left\"><strong>BLANCHIMENT<\/strong><\/p>\n<p style=\"text-align: justify;\" align=\"left\">[table id=9 \/]<\/p>\n<p style=\"text-align: justify;\" align=\"left\"><strong>LIANTS PIGMENTAIRES &amp; PRODUITS SPECIAUX<\/strong><\/p>\n<p style=\"text-align: justify;\" align=\"left\">[table id=10 \/]<\/p>\n","protected":false},"excerpt":{"rendered":"<p>Le tableau ci-dessous vous permet de rechercher les produits par fonction principale. Pour\u00a0chaque r\u00e9f\u00e9rence commerciale vous trouverez une br\u00e8ve description du produit (caract\u00e9ristiques, usages, applications), Vous pouvez \u00e9galement t\u00e9l\u00e9charger au format PDF la fiche technique et la fiche de donn\u00e9es de s\u00e9curit\u00e9 du produit concern\u00e9. Pour toute information compl\u00e9mentaire, n&rsquo;h\u00e9sitez pas \u00e0 nous contacter ici. [&hellip;]<\/p>\n","protected":false},"author":1,"featured_media":0,"parent":29,"menu_order":0,"comment_status":"closed","ping_status":"closed","template":"page-templates\/full-width.php","meta":{"footnotes":""},"class_list":["post-219","page","type-page","status-publish","hentry"],"aioseo_notices":[],"_links":{"self":[{"href":"https:\/\/www.chabbert-chimie.com\/index.php\/wp-json\/wp\/v2\/pages\/219","targetHints":{"allow":["GET"]}}],"collection":[{"href":"https:\/\/www.chabbert-chimie.com\/index.php\/wp-json\/wp\/v2\/pages"}],"about":[{"href":"https:\/\/www.chabbert-chimie.com\/index.php\/wp-json\/wp\/v2\/types\/page"}],"author":[{"embeddable":true,"href":"https:\/\/www.chabbert-chimie.com\/index.php\/wp-json\/wp\/v2\/users\/1"}],"replies":[{"embeddable":true,"href":"https:\/\/www.chabbert-chimie.com\/index.php\/wp-json\/wp\/v2\/comments?post=219"}],"version-history":[{"count":32,"href":"https:\/\/www.chabbert-chimie.com\/index.php\/wp-json\/wp\/v2\/pages\/219\/revisions"}],"predecessor-version":[{"id":666,"href":"https:\/\/www.chabbert-chimie.com\/index.php\/wp-json\/wp\/v2\/pages\/219\/revisions\/666"}],"up":[{"embeddable":true,"href":"https:\/\/www.chabbert-chimie.com\/index.php\/wp-json\/wp\/v2\/pages\/29"}],"wp:attachment":[{"href":"https:\/\/www.chabbert-chimie.com\/index.php\/wp-json\/wp\/v2\/media?parent=219"}],"curies":[{"name":"wp","href":"https:\/\/api.w.org\/{rel}","templated":true}]}}