{"id":39,"date":"2016-03-31T13:04:16","date_gmt":"2016-03-31T12:04:16","guid":{"rendered":"http:\/\/www.chabbert-chimie.com\/?page_id=39"},"modified":"2016-12-20T18:12:16","modified_gmt":"2016-12-20T17:12:16","slug":"divers","status":"publish","type":"page","link":"https:\/\/www.chabbert-chimie.com\/index.php\/produits\/industrie\/divers\/","title":{"rendered":"Autres Industries"},"content":{"rendered":"<p style=\"text-align: justify;\"><img loading=\"lazy\" decoding=\"async\" class=\"size-full wp-image-630 alignright\" src=\"http:\/\/www.chabbert-chimie.com\/wp-content\/uploads\/2016\/03\/cuve_1.jpg\" alt=\"cuve_1\" width=\"145\" height=\"258\" \/>A travers notre m\u00e9tier de formulateur, nous\u00a0sommes r\u00e9guli\u00e8rement en relation avec diverses industries\u00a0\u00a0int\u00e9ress\u00e9s par des\u00a0solutions techniques innovantes ou simplement en recherche d&rsquo;am\u00e9liorations de proc\u00e9d\u00e9s.<\/p>\n<p style=\"text-align: justify;\">Sur demande nous pouvons donc vous proposer des formulations sp\u00e9cifiquement adapt\u00e9es \u00e0 vos besoins et ce, dans divers domaines :<\/p>\n<p style=\"text-align: left;\"><img loading=\"lazy\" decoding=\"async\" class=\"wp-image-578 alignleft\" src=\"http:\/\/www.chabbert-chimie.com\/wp-content\/uploads\/2016\/03\/labo_4-183x300.png\" alt=\"labo_4\" width=\"148\" height=\"243\" srcset=\"https:\/\/www.chabbert-chimie.com\/wp-content\/uploads\/2016\/03\/labo_4-183x300.png 183w, https:\/\/www.chabbert-chimie.com\/wp-content\/uploads\/2016\/03\/labo_4-768x1259.png 768w, https:\/\/www.chabbert-chimie.com\/wp-content\/uploads\/2016\/03\/labo_4-625x1024.png 625w, https:\/\/www.chabbert-chimie.com\/wp-content\/uploads\/2016\/03\/labo_4-600x984.png 600w, https:\/\/www.chabbert-chimie.com\/wp-content\/uploads\/2016\/03\/labo_4-624x1023.png 624w, https:\/\/www.chabbert-chimie.com\/wp-content\/uploads\/2016\/03\/labo_4.png 1455w\" sizes=\"auto, (max-width: 148px) 100vw, 148px\" \/><\/p>\n<ul style=\"list-style-type: circle;\">\n<li>Peinture &amp; Coating<\/li>\n<li>Industrie papeti\u00e8re<\/li>\n<li>Auxiliaires pour\u00a0fibres (isolants)<\/li>\n<li>Liants &amp; Polym\u00e8res<\/li>\n<li>Lubrifiants &amp; M\u00e9talworking<\/li>\n<li>Auxiliaires pour l&rsquo;Agrochimie<\/li>\n<li>ETC&#8230;<\/li>\n<\/ul>\n<p>Pour tout renseignement ou demande pri\u00e8re de<a href=\"mailto:info@chabbert-chimie.com\" target=\"_blank\"> nous contacter ici<\/a><\/p>\n","protected":false},"excerpt":{"rendered":"<p>A travers notre m\u00e9tier de formulateur, nous\u00a0sommes r\u00e9guli\u00e8rement en relation avec diverses industries\u00a0\u00a0int\u00e9ress\u00e9s par des\u00a0solutions techniques innovantes ou simplement en recherche d&rsquo;am\u00e9liorations de proc\u00e9d\u00e9s. Sur demande nous pouvons donc vous proposer des formulations sp\u00e9cifiquement adapt\u00e9es \u00e0 vos besoins et ce, dans divers domaines : Peinture &amp; Coating Industrie papeti\u00e8re Auxiliaires pour\u00a0fibres (isolants) Liants &amp; Polym\u00e8res [&hellip;]<\/p>\n","protected":false},"author":1,"featured_media":0,"parent":29,"menu_order":2,"comment_status":"closed","ping_status":"closed","template":"","meta":{"footnotes":""},"class_list":["post-39","page","type-page","status-publish","hentry"],"aioseo_notices":[],"_links":{"self":[{"href":"https:\/\/www.chabbert-chimie.com\/index.php\/wp-json\/wp\/v2\/pages\/39","targetHints":{"allow":["GET"]}}],"collection":[{"href":"https:\/\/www.chabbert-chimie.com\/index.php\/wp-json\/wp\/v2\/pages"}],"about":[{"href":"https:\/\/www.chabbert-chimie.com\/index.php\/wp-json\/wp\/v2\/types\/page"}],"author":[{"embeddable":true,"href":"https:\/\/www.chabbert-chimie.com\/index.php\/wp-json\/wp\/v2\/users\/1"}],"replies":[{"embeddable":true,"href":"https:\/\/www.chabbert-chimie.com\/index.php\/wp-json\/wp\/v2\/comments?post=39"}],"version-history":[{"count":12,"href":"https:\/\/www.chabbert-chimie.com\/index.php\/wp-json\/wp\/v2\/pages\/39\/revisions"}],"predecessor-version":[{"id":670,"href":"https:\/\/www.chabbert-chimie.com\/index.php\/wp-json\/wp\/v2\/pages\/39\/revisions\/670"}],"up":[{"embeddable":true,"href":"https:\/\/www.chabbert-chimie.com\/index.php\/wp-json\/wp\/v2\/pages\/29"}],"wp:attachment":[{"href":"https:\/\/www.chabbert-chimie.com\/index.php\/wp-json\/wp\/v2\/media?parent=39"}],"curies":[{"name":"wp","href":"https:\/\/api.w.org\/{rel}","templated":true}]}}